{"id":79,"date":"2023-04-18T11:01:43","date_gmt":"2023-04-18T11:01:43","guid":{"rendered":"https:\/\/sanandoenlameditacion.com\/?page_id=79"},"modified":"2026-04-29T18:34:12","modified_gmt":"2026-04-29T18:34:12","slug":"donde-meditamos","status":"publish","type":"page","link":"https:\/\/sanandoenlameditacion.com\/index.php\/donde-meditamos\/","title":{"rendered":"Donde meditamos"},"content":{"rendered":"<p>Si est\u00e1s buscando un lugar para meditar y relajarte, llegaste al lugar indicado. En nuestro espacio, ofrecemos meditaciones guiadas de lunes a jueves a las 19:00 hs. Ven\u00ed y unite a nosotros para experimentar la paz y la tranquilidad en un ambiente acogedor y amigable<\/p>\n<p>Nos encontramos en la calle Juan Manuel de Rosas 1092, donde podr\u00e1s disfrutar de un ambiente tranquilo y relajante para meditar. Nuestro centro es el lugar perfecto para aquellos que buscan un momento de paz en medio del ajetreo diario.<\/p>\n<p>Tambi\u00e9n podes meditar con nosotros en l\u00ednea<\/p>\n<p>No importa si sos principiante o ya ten\u00e9s experiencia en la meditaci\u00f3n, nuestros horarios est\u00e1n abiertos para todos. Ven\u00ed solo o con amigos, y experiment\u00e1 la calma y el equilibrio interior que la meditaci\u00f3n puede ofrecer.<\/p>\n","protected":false},"excerpt":{"rendered":"<p>Si est\u00e1s buscando un lugar para meditar y relajarte, llegaste al lugar indicado. En nuestro espacio, ofrecemos meditaciones guiadas de lunes a jueves a las 19:00 hs. Ven\u00ed y unite a nosotros para experimentar la paz y la tranquilidad en un ambiente acogedor y amigable Nos encontramos en la calle Juan Manuel de Rosas 1092, &#8230; <a title=\"Donde meditamos\" class=\"read-more\" href=\"https:\/\/sanandoenlameditacion.com\/index.php\/donde-meditamos\/\" aria-label=\"Leer m\u00e1s sobre Donde meditamos\">Leer m\u00e1s<\/a><\/p>\n","protected":false},"author":1,"featured_media":81,"parent":0,"menu_order":0,"comment_status":"closed","ping_status":"closed","template":"","meta":{"_uf_show_specific_survey":0,"_uf_disable_surveys":false,"footnotes":""},"class_list":["post-79","page","type-page","status-publish","has-post-thumbnail"],"yoast_head":"<!-- This site is optimized with the Yoast SEO plugin v27.5 - https:\/\/yoast.com\/product\/yoast-seo-wordpress\/ -->\n<title>Donde meditamos - Sanando en la meditaci\u00f3n<\/title>\n<meta name=\"description\" content=\"No importa si sos principiante o ya ten\u00e9s experiencia en la meditaci\u00f3n, nuestros horarios est\u00e1n abiertos para todos. Ven\u00ed solo o con amigos, y experiment\u00e1 la calma y el equilibrio interior que la meditaci\u00f3n puede ofrecer.\" \/>\n<meta name=\"robots\" content=\"index, follow, max-snippet:-1, max-image-preview:large, max-video-preview:-1\" \/>\n<link rel=\"canonical\" href=\"https:\/\/sanandoenlameditacion.com\/index.php\/donde-meditamos\/\" \/>\n<meta property=\"og:locale\" content=\"es_ES\" \/>\n<meta property=\"og:type\" content=\"article\" \/>\n<meta property=\"og:title\" content=\"Donde meditamos - Sanando en la meditaci\u00f3n\" \/>\n<meta property=\"og:description\" content=\"No importa si sos principiante o ya ten\u00e9s experiencia en la meditaci\u00f3n, nuestros horarios est\u00e1n abiertos para todos. Ven\u00ed solo o con amigos, y experiment\u00e1 la calma y el equilibrio interior que la meditaci\u00f3n puede ofrecer.\" \/>\n<meta property=\"og:url\" content=\"https:\/\/sanandoenlameditacion.com\/index.php\/donde-meditamos\/\" \/>\n<meta property=\"og:site_name\" content=\"Sanando en la meditaci\u00f3n\" \/>\n<meta property=\"article:modified_time\" content=\"2026-04-29T18:34:12+00:00\" \/>\n<meta property=\"og:image\" content=\"https:\/\/sanandoenlameditacion.com\/wp-content\/uploads\/2023\/04\/istockphoto-1067864604-612x612-1.jpg\" \/>\n\t<meta property=\"og:image:width\" content=\"612\" \/>\n\t<meta property=\"og:image:height\" content=\"408\" \/>\n\t<meta property=\"og:image:type\" content=\"image\/jpeg\" \/>\n<meta name=\"twitter:card\" content=\"summary_large_image\" \/>\n<meta name=\"twitter:label1\" content=\"Tiempo de lectura\" \/>\n\t<meta name=\"twitter:data1\" content=\"1 minuto\" \/>\n<script type=\"application\/ld+json\" class=\"yoast-schema-graph\">{\"@context\":\"https:\\\/\\\/schema.org\",\"@graph\":[{\"@type\":\"WebPage\",\"@id\":\"https:\\\/\\\/sanandoenlameditacion.com\\\/index.php\\\/donde-meditamos\\\/\",\"url\":\"https:\\\/\\\/sanandoenlameditacion.com\\\/index.php\\\/donde-meditamos\\\/\",\"name\":\"Donde meditamos - Sanando en la meditaci\u00f3n\",\"isPartOf\":{\"@id\":\"https:\\\/\\\/sanandoenlameditacion.com\\\/#website\"},\"primaryImageOfPage\":{\"@id\":\"https:\\\/\\\/sanandoenlameditacion.com\\\/index.php\\\/donde-meditamos\\\/#primaryimage\"},\"image\":{\"@id\":\"https:\\\/\\\/sanandoenlameditacion.com\\\/index.php\\\/donde-meditamos\\\/#primaryimage\"},\"thumbnailUrl\":\"https:\\\/\\\/sanandoenlameditacion.com\\\/wp-content\\\/uploads\\\/2023\\\/04\\\/istockphoto-1067864604-612x612-1.jpg\",\"datePublished\":\"2023-04-18T11:01:43+00:00\",\"dateModified\":\"2026-04-29T18:34:12+00:00\",\"description\":\"No importa si sos principiante o ya ten\u00e9s experiencia en la meditaci\u00f3n, nuestros horarios est\u00e1n abiertos para todos. Ven\u00ed solo o con amigos, y experiment\u00e1 la calma y el equilibrio interior que la meditaci\u00f3n puede ofrecer.\",\"breadcrumb\":{\"@id\":\"https:\\\/\\\/sanandoenlameditacion.com\\\/index.php\\\/donde-meditamos\\\/#breadcrumb\"},\"inLanguage\":\"es-AR\",\"potentialAction\":[{\"@type\":\"ReadAction\",\"target\":[\"https:\\\/\\\/sanandoenlameditacion.com\\\/index.php\\\/donde-meditamos\\\/\"]}]},{\"@type\":\"ImageObject\",\"inLanguage\":\"es-AR\",\"@id\":\"https:\\\/\\\/sanandoenlameditacion.com\\\/index.php\\\/donde-meditamos\\\/#primaryimage\",\"url\":\"https:\\\/\\\/sanandoenlameditacion.com\\\/wp-content\\\/uploads\\\/2023\\\/04\\\/istockphoto-1067864604-612x612-1.jpg\",\"contentUrl\":\"https:\\\/\\\/sanandoenlameditacion.com\\\/wp-content\\\/uploads\\\/2023\\\/04\\\/istockphoto-1067864604-612x612-1.jpg\",\"width\":612,\"height\":408,\"caption\":\"Young black yogi woman practicing yoga, doing Ardha Padmasana exercise, Half Lotus pose with mudra gesture, working out, wearing sportswear, indoor close up, yoga studio. Well being, wellness concept\"},{\"@type\":\"BreadcrumbList\",\"@id\":\"https:\\\/\\\/sanandoenlameditacion.com\\\/index.php\\\/donde-meditamos\\\/#breadcrumb\",\"itemListElement\":[{\"@type\":\"ListItem\",\"position\":1,\"name\":\"Portada\",\"item\":\"https:\\\/\\\/sanandoenlameditacion.com\\\/\"},{\"@type\":\"ListItem\",\"position\":2,\"name\":\"Donde meditamos\"}]},{\"@type\":\"WebSite\",\"@id\":\"https:\\\/\\\/sanandoenlameditacion.com\\\/#website\",\"url\":\"https:\\\/\\\/sanandoenlameditacion.com\\\/\",\"name\":\"Sanando en la meditaci\u00f3n\",\"description\":\"En este sitio encontrar\u00e1n art\u00edculos sobre distintos tipos de meditaci\u00f3n, t\u00e9cnicas de respiraci\u00f3n, beneficios de la meditaci\u00f3n\",\"publisher\":{\"@id\":\"https:\\\/\\\/sanandoenlameditacion.com\\\/#organization\"},\"potentialAction\":[{\"@type\":\"SearchAction\",\"target\":{\"@type\":\"EntryPoint\",\"urlTemplate\":\"https:\\\/\\\/sanandoenlameditacion.com\\\/?s={search_term_string}\"},\"query-input\":{\"@type\":\"PropertyValueSpecification\",\"valueRequired\":true,\"valueName\":\"search_term_string\"}}],\"inLanguage\":\"es-AR\"},{\"@type\":\"Organization\",\"@id\":\"https:\\\/\\\/sanandoenlameditacion.com\\\/#organization\",\"name\":\"Sanando en la meditaci\u00f3n\",\"url\":\"https:\\\/\\\/sanandoenlameditacion.com\\\/\",\"logo\":{\"@type\":\"ImageObject\",\"inLanguage\":\"es-AR\",\"@id\":\"https:\\\/\\\/sanandoenlameditacion.com\\\/#\\\/schema\\\/logo\\\/image\\\/\",\"url\":\"https:\\\/\\\/sanandoenlameditacion.com\\\/wp-content\\\/uploads\\\/2023\\\/04\\\/Budismo-Meditacion.jpg\",\"contentUrl\":\"https:\\\/\\\/sanandoenlameditacion.com\\\/wp-content\\\/uploads\\\/2023\\\/04\\\/Budismo-Meditacion.jpg\",\"width\":480,\"height\":640,\"caption\":\"Sanando en la meditaci\u00f3n\"},\"image\":{\"@id\":\"https:\\\/\\\/sanandoenlameditacion.com\\\/#\\\/schema\\\/logo\\\/image\\\/\"}}]}<\/script>\n<!-- \/ Yoast SEO plugin. -->","yoast_head_json":{"title":"Donde meditamos - Sanando en la meditaci\u00f3n","description":"No importa si sos principiante o ya ten\u00e9s experiencia en la meditaci\u00f3n, nuestros horarios est\u00e1n abiertos para todos. Ven\u00ed solo o con amigos, y experiment\u00e1 la calma y el equilibrio interior que la meditaci\u00f3n puede ofrecer.","robots":{"index":"index","follow":"follow","max-snippet":"max-snippet:-1","max-image-preview":"max-image-preview:large","max-video-preview":"max-video-preview:-1"},"canonical":"https:\/\/sanandoenlameditacion.com\/index.php\/donde-meditamos\/","og_locale":"es_ES","og_type":"article","og_title":"Donde meditamos - Sanando en la meditaci\u00f3n","og_description":"No importa si sos principiante o ya ten\u00e9s experiencia en la meditaci\u00f3n, nuestros horarios est\u00e1n abiertos para todos. Ven\u00ed solo o con amigos, y experiment\u00e1 la calma y el equilibrio interior que la meditaci\u00f3n puede ofrecer.","og_url":"https:\/\/sanandoenlameditacion.com\/index.php\/donde-meditamos\/","og_site_name":"Sanando en la meditaci\u00f3n","article_modified_time":"2026-04-29T18:34:12+00:00","og_image":[{"width":612,"height":408,"url":"https:\/\/sanandoenlameditacion.com\/wp-content\/uploads\/2023\/04\/istockphoto-1067864604-612x612-1.jpg","type":"image\/jpeg"}],"twitter_card":"summary_large_image","twitter_misc":{"Tiempo de lectura":"1 minuto"},"schema":{"@context":"https:\/\/schema.org","@graph":[{"@type":"WebPage","@id":"https:\/\/sanandoenlameditacion.com\/index.php\/donde-meditamos\/","url":"https:\/\/sanandoenlameditacion.com\/index.php\/donde-meditamos\/","name":"Donde meditamos - Sanando en la meditaci\u00f3n","isPartOf":{"@id":"https:\/\/sanandoenlameditacion.com\/#website"},"primaryImageOfPage":{"@id":"https:\/\/sanandoenlameditacion.com\/index.php\/donde-meditamos\/#primaryimage"},"image":{"@id":"https:\/\/sanandoenlameditacion.com\/index.php\/donde-meditamos\/#primaryimage"},"thumbnailUrl":"https:\/\/sanandoenlameditacion.com\/wp-content\/uploads\/2023\/04\/istockphoto-1067864604-612x612-1.jpg","datePublished":"2023-04-18T11:01:43+00:00","dateModified":"2026-04-29T18:34:12+00:00","description":"No importa si sos principiante o ya ten\u00e9s experiencia en la meditaci\u00f3n, nuestros horarios est\u00e1n abiertos para todos. Ven\u00ed solo o con amigos, y experiment\u00e1 la calma y el equilibrio interior que la meditaci\u00f3n puede ofrecer.","breadcrumb":{"@id":"https:\/\/sanandoenlameditacion.com\/index.php\/donde-meditamos\/#breadcrumb"},"inLanguage":"es-AR","potentialAction":[{"@type":"ReadAction","target":["https:\/\/sanandoenlameditacion.com\/index.php\/donde-meditamos\/"]}]},{"@type":"ImageObject","inLanguage":"es-AR","@id":"https:\/\/sanandoenlameditacion.com\/index.php\/donde-meditamos\/#primaryimage","url":"https:\/\/sanandoenlameditacion.com\/wp-content\/uploads\/2023\/04\/istockphoto-1067864604-612x612-1.jpg","contentUrl":"https:\/\/sanandoenlameditacion.com\/wp-content\/uploads\/2023\/04\/istockphoto-1067864604-612x612-1.jpg","width":612,"height":408,"caption":"Young black yogi woman practicing yoga, doing Ardha Padmasana exercise, Half Lotus pose with mudra gesture, working out, wearing sportswear, indoor close up, yoga studio. Well being, wellness concept"},{"@type":"BreadcrumbList","@id":"https:\/\/sanandoenlameditacion.com\/index.php\/donde-meditamos\/#breadcrumb","itemListElement":[{"@type":"ListItem","position":1,"name":"Portada","item":"https:\/\/sanandoenlameditacion.com\/"},{"@type":"ListItem","position":2,"name":"Donde meditamos"}]},{"@type":"WebSite","@id":"https:\/\/sanandoenlameditacion.com\/#website","url":"https:\/\/sanandoenlameditacion.com\/","name":"Sanando en la meditaci\u00f3n","description":"En este sitio encontrar\u00e1n art\u00edculos sobre distintos tipos de meditaci\u00f3n, t\u00e9cnicas de respiraci\u00f3n, beneficios de la meditaci\u00f3n","publisher":{"@id":"https:\/\/sanandoenlameditacion.com\/#organization"},"potentialAction":[{"@type":"SearchAction","target":{"@type":"EntryPoint","urlTemplate":"https:\/\/sanandoenlameditacion.com\/?s={search_term_string}"},"query-input":{"@type":"PropertyValueSpecification","valueRequired":true,"valueName":"search_term_string"}}],"inLanguage":"es-AR"},{"@type":"Organization","@id":"https:\/\/sanandoenlameditacion.com\/#organization","name":"Sanando en la meditaci\u00f3n","url":"https:\/\/sanandoenlameditacion.com\/","logo":{"@type":"ImageObject","inLanguage":"es-AR","@id":"https:\/\/sanandoenlameditacion.com\/#\/schema\/logo\/image\/","url":"https:\/\/sanandoenlameditacion.com\/wp-content\/uploads\/2023\/04\/Budismo-Meditacion.jpg","contentUrl":"https:\/\/sanandoenlameditacion.com\/wp-content\/uploads\/2023\/04\/Budismo-Meditacion.jpg","width":480,"height":640,"caption":"Sanando en la meditaci\u00f3n"},"image":{"@id":"https:\/\/sanandoenlameditacion.com\/#\/schema\/logo\/image\/"}}]}},"_links":{"self":[{"href":"https:\/\/sanandoenlameditacion.com\/index.php\/wp-json\/wp\/v2\/pages\/79","targetHints":{"allow":["GET"]}}],"collection":[{"href":"https:\/\/sanandoenlameditacion.com\/index.php\/wp-json\/wp\/v2\/pages"}],"about":[{"href":"https:\/\/sanandoenlameditacion.com\/index.php\/wp-json\/wp\/v2\/types\/page"}],"author":[{"embeddable":true,"href":"https:\/\/sanandoenlameditacion.com\/index.php\/wp-json\/wp\/v2\/users\/1"}],"replies":[{"embeddable":true,"href":"https:\/\/sanandoenlameditacion.com\/index.php\/wp-json\/wp\/v2\/comments?post=79"}],"version-history":[{"count":11,"href":"https:\/\/sanandoenlameditacion.com\/index.php\/wp-json\/wp\/v2\/pages\/79\/revisions"}],"predecessor-version":[{"id":308,"href":"https:\/\/sanandoenlameditacion.com\/index.php\/wp-json\/wp\/v2\/pages\/79\/revisions\/308"}],"wp:featuredmedia":[{"embeddable":true,"href":"https:\/\/sanandoenlameditacion.com\/index.php\/wp-json\/wp\/v2\/media\/81"}],"wp:attachment":[{"href":"https:\/\/sanandoenlameditacion.com\/index.php\/wp-json\/wp\/v2\/media?parent=79"}],"curies":[{"name":"wp","href":"https:\/\/api.w.org\/{rel}","templated":true}]}}

<p>Si estás buscando un lugar para meditar y relajarte, llegaste al lugar indicado. En nuestro espacio, ofrecemos meditaciones guiadas de lunes a jueves a las 19:00 hs. Vení y unite a nosotros para experimentar la paz y la tranquilidad en un ambiente acogedor y amigable</p>
<p>Nos encontramos en la calle Juan Manuel de Rosas 1092, donde podrás disfrutar de un ambiente tranquilo y relajante para meditar. Nuestro centro es el lugar perfecto para aquellos que buscan un momento de paz en medio del ajetreo diario.</p>
<p>También podes meditar con nosotros en línea</p>
<p>No importa si sos principiante o ya tenés experiencia en la meditación, nuestros horarios están abiertos para todos. Vení solo o con amigos, y experimentá la calma y el equilibrio interior que la meditación puede ofrecer.</p>

<p>Si estás buscando un lugar para meditar y relajarte, llegaste al lugar indicado. En nuestro espacio, ofrecemos meditaciones guiadas de lunes a jueves a las 19:00 hs. Vení y unite a nosotros para experimentar la paz y la tranquilidad en un ambiente acogedor y amigable Nos encontramos en la calle Juan Manuel de Rosas 1092, &#8230; <a title="Donde meditamos" class="read-more" href="https://sanandoenlameditacion.com/index.php/donde-meditamos/" aria-label="Leer más sobre Donde meditamos">Leer más</a></p>

<!-- This site is optimized with the Yoast SEO plugin v27.5 - https://yoast.com/product/yoast-seo-wordpress/ -->
<title>Donde meditamos - Sanando en la meditación</title>
<meta name="description" content="No importa si sos principiante o ya tenés experiencia en la meditación, nuestros horarios están abiertos para todos. Vení solo o con amigos, y experimentá la calma y el equilibrio interior que la meditación puede ofrecer." />
<meta name="robots" content="index, follow, max-snippet:-1, max-image-preview:large, max-video-preview:-1" />
<link rel="canonical" href="https://sanandoenlameditacion.com/index.php/donde-meditamos/" />
<meta property="og:locale" content="es_ES" />
<meta property="og:type" content="article" />
<meta property="og:title" content="Donde meditamos - Sanando en la meditación" />
<meta property="og:description" content="No importa si sos principiante o ya tenés experiencia en la meditación, nuestros horarios están abiertos para todos. Vení solo o con amigos, y experimentá la calma y el equilibrio interior que la meditación puede ofrecer." />
<meta property="og:url" content="https://sanandoenlameditacion.com/index.php/donde-meditamos/" />
<meta property="og:site_name" content="Sanando en la meditación" />
<meta property="article:modified_time" content="2026-04-29T18:34:12+00:00" />
<meta property="og:image" content="https://sanandoenlameditacion.com/wp-content/uploads/2023/04/istockphoto-1067864604-612x612-1.jpg" />
	<meta property="og:image:width" content="612" />
	<meta property="og:image:height" content="408" />
	<meta property="og:image:type" content="image/jpeg" />
<meta name="twitter:card" content="summary_large_image" />
<meta name="twitter:label1" content="Tiempo de lectura" />
	<meta name="twitter:data1" content="1 minuto" />
<script type="application/ld+json" class="yoast-schema-graph">{"@context":"https:\/\/schema.org","@graph":[{"@type":"WebPage","@id":"https:\/\/sanandoenlameditacion.com\/index.php\/donde-meditamos\/","url":"https:\/\/sanandoenlameditacion.com\/index.php\/donde-meditamos\/","name":"Donde meditamos - Sanando en la meditación","isPartOf":{"@id":"https:\/\/sanandoenlameditacion.com\/#website"},"primaryImageOfPage":{"@id":"https:\/\/sanandoenlameditacion.com\/index.php\/donde-meditamos\/#primaryimage"},"image":{"@id":"https:\/\/sanandoenlameditacion.com\/index.php\/donde-meditamos\/#primaryimage"},"thumbnailUrl":"https:\/\/sanandoenlameditacion.com\/wp-content\/uploads\/2023\/04\/istockphoto-1067864604-612x612-1.jpg","datePublished":"2023-04-18T11:01:43+00:00","dateModified":"2026-04-29T18:34:12+00:00","description":"No importa si sos principiante o ya tenés experiencia en la meditación, nuestros horarios están abiertos para todos. Vení solo o con amigos, y experimentá la calma y el equilibrio interior que la meditación puede ofrecer.","breadcrumb":{"@id":"https:\/\/sanandoenlameditacion.com\/index.php\/donde-meditamos\/#breadcrumb"},"inLanguage":"es-AR","potentialAction":[{"@type":"ReadAction","target":["https:\/\/sanandoenlameditacion.com\/index.php\/donde-meditamos\/"]}]},{"@type":"ImageObject","inLanguage":"es-AR","@id":"https:\/\/sanandoenlameditacion.com\/index.php\/donde-meditamos\/#primaryimage","url":"https:\/\/sanandoenlameditacion.com\/wp-content\/uploads\/2023\/04\/istockphoto-1067864604-612x612-1.jpg","contentUrl":"https:\/\/sanandoenlameditacion.com\/wp-content\/uploads\/2023\/04\/istockphoto-1067864604-612x612-1.jpg","width":612,"height":408,"caption":"Young black yogi woman practicing yoga, doing Ardha Padmasana exercise, Half Lotus pose with mudra gesture, working out, wearing sportswear, indoor close up, yoga studio. Well being, wellness concept"},{"@type":"BreadcrumbList","@id":"https:\/\/sanandoenlameditacion.com\/index.php\/donde-meditamos\/#breadcrumb","itemListElement":[{"@type":"ListItem","position":1,"name":"Portada","item":"https:\/\/sanandoenlameditacion.com\/"},{"@type":"ListItem","position":2,"name":"Donde meditamos"}]},{"@type":"WebSite","@id":"https:\/\/sanandoenlameditacion.com\/#website","url":"https:\/\/sanandoenlameditacion.com\/","name":"Sanando en la meditación","description":"En este sitio encontrarán artículos sobre distintos tipos de meditación, técnicas de respiración, beneficios de la meditación","publisher":{"@id":"https:\/\/sanandoenlameditacion.com\/#organization"},"potentialAction":[{"@type":"SearchAction","target":{"@type":"EntryPoint","urlTemplate":"https:\/\/sanandoenlameditacion.com\/?s={search_term_string}"},"query-input":{"@type":"PropertyValueSpecification","valueRequired":true,"valueName":"search_term_string"}}],"inLanguage":"es-AR"},{"@type":"Organization","@id":"https:\/\/sanandoenlameditacion.com\/#organization","name":"Sanando en la meditación","url":"https:\/\/sanandoenlameditacion.com\/","logo":{"@type":"ImageObject","inLanguage":"es-AR","@id":"https:\/\/sanandoenlameditacion.com\/#\/schema\/logo\/image\/","url":"https:\/\/sanandoenlameditacion.com\/wp-content\/uploads\/2023\/04\/Budismo-Meditacion.jpg","contentUrl":"https:\/\/sanandoenlameditacion.com\/wp-content\/uploads\/2023\/04\/Budismo-Meditacion.jpg","width":480,"height":640,"caption":"Sanando en la meditación"},"image":{"@id":"https:\/\/sanandoenlameditacion.com\/#\/schema\/logo\/image\/"}}]}</script>
<!-- / Yoast SEO plugin. -->

Donde meditamos - Sanando en la meditación

No importa si sos principiante o ya tenés experiencia en la meditación, nuestros horarios están abiertos para todos. Vení solo o con amigos, y experimentá la calma y el equilibrio interior que la meditación puede ofrecer.

Sanando en la meditación

En este sitio encontrarán artículos sobre distintos tipos de meditación, técnicas de respiración, beneficios de la meditación
